{"id":28,"date":"2026-03-17T19:28:31","date_gmt":"2026-03-18T01:28:31","guid":{"rendered":"https:\/\/www.pdbjglobal.com\/?page_id=28"},"modified":"2026-03-18T15:18:55","modified_gmt":"2026-03-18T21:18:55","slug":"contacto","status":"publish","type":"page","link":"https:\/\/www.pdbjglobal.com\/index.php\/contacto\/","title":{"rendered":"CONTACTO"},"content":{"rendered":"\n<p><strong>\ud83d\udce9 CONTACTO<\/strong><\/p>\n\n\n\n<p><strong>Soluciones Integrales PDBJ S.R.L.<\/strong><br><br><\/p>\n\n\n\n<p><strong>\ud83c\udfaf Cont\u00e1ctanos para asesor\u00eda profesional<\/strong><\/p>\n\n\n\n<p>Estamos para ayudarte.<\/p>\n\n\n\n<p>En Soluciones Integrales PDBJ S.R.L. analizamos cada caso de forma personalizada para ofrecerte soluciones reales, pr\u00e1cticas y adaptadas a tus necesidades.<\/p>\n\n\n\n<p>\ud83d\udc49 Ya sea en educaci\u00f3n, tecnolog\u00eda o soluciones log\u00edsticas, puedes contar con nosotros.<\/p>\n\n\n\n<h2 class=\"wp-block-heading\"><strong>\ud83d\udce7 Correo electr\u00f3nico<\/strong><\/h2>\n\n\n\n<p>Tambi\u00e9n puedes escribirnos directamente:<\/p>\n\n\n\n<p>\ud83d\udce7 <strong><a href=\"mailto:info@pdbjglobal.com\">info@pdbjglobal.com<\/a><\/strong><\/p>\n\n\n\n<p>Te responderemos en el menor tiempo posible.<\/p>\n\n\n\n<h2 class=\"wp-block-heading\"><strong>\ud83d\udcf1 WhatsApp<\/strong><\/h2>\n\n\n\n<p>Para una atenci\u00f3n m\u00e1s r\u00e1pida, puedes comunicarte v\u00eda WhatsApp:<\/p>\n\n\n\n<p>\ud83d\udc49 +50662944128<\/p>\n\n\n\n<h2 class=\"wp-block-heading\"><strong>\ud83d\udccd Ubicaci\u00f3n<\/strong><\/h2>\n\n\n\n<p>\ud83d\udccc Costa Rica<\/p>\n\n\n\n<p>Brindamos servicios a nivel nacional y tambi\u00e9n de forma virtual.<\/p>\n\n\n\n<h2 class=\"wp-block-heading\"><strong>\ud83e\udd1d \u00bfEn qu\u00e9 podemos ayudarte?<\/strong><\/h2>\n\n\n\n<p>Puedes contactarnos para:<\/p>\n\n\n\n<ul class=\"wp-block-list\">\n<li>asesor\u00edas profesionales<\/li>\n\n\n\n<li>servicios educativos (MenteClara)<\/li>\n\n\n\n<li>soluciones tecnol\u00f3gicas (MulTemaS)<\/li>\n\n\n\n<li>servicios log\u00edsticos (Tico Container)<\/li>\n<\/ul>\n\n\n\n<h2 class=\"wp-block-heading\"><strong>\ud83d\ude80 Nuestro compromiso<\/strong><\/h2>\n\n\n\n<p>Cada mensaje es importante para nosotros.<\/p>\n\n\n\n<p>Nos comprometemos a brindarte:<\/p>\n\n\n\n<p>\u2714 atenci\u00f3n respetuosa y profesional<br>\u2714 respuestas claras y oportunas<br>\u2714 soluciones adaptadas a tu realidad<\/p>\n\n\n\n<h2 class=\"wp-block-heading\"><strong>\ud83d\udd10 Privacidad<\/strong><\/h2>\n\n\n\n<p>Tu informaci\u00f3n ser\u00e1 tratada con confidencialidad y conforme a nuestra pol\u00edtica de privacidad.<\/p>\n\n\n<div class=\"wp-block-jetpack-contact-form\"><a href=\"https:\/\/www.pdbjglobal.com\/index.php\/contacto\/\" target=\"_blank\" rel=\"noopener noreferrer\">Env\u00eda un formulario.<\/a><\/div>","protected":false},"excerpt":{"rendered":"<p>\ud83d\udce9 CONTACTO Soluciones Integrales PDBJ S.R.L. \ud83c\udfaf Cont\u00e1ctanos para asesor\u00eda profesional Estamos para ayudarte. En Soluciones Integrales PDBJ S.R.L. analizamos cada caso de forma personalizada para ofrecerte soluciones reales, pr\u00e1cticas y adaptadas a tus necesidades. \ud83d\udc49 Ya sea en educaci\u00f3n, tecnolog\u00eda o soluciones log\u00edsticas, puedes contar con nosotros. \ud83d\udce7 Correo electr\u00f3nico Tambi\u00e9n puedes escribirnos directamente:&hellip; <a class=\"more-link\" href=\"https:\/\/www.pdbjglobal.com\/index.php\/contacto\/\">Seguir leyendo <span class=\"screen-reader-text\">CONTACTO<\/span><\/a><\/p>\n","protected":false},"author":1,"featured_media":0,"parent":0,"menu_order":0,"comment_status":"closed","ping_status":"closed","template":"","meta":{"footnotes":""},"class_list":["post-28","page","type-page","status-publish","hentry","entry"],"_links":{"self":[{"href":"https:\/\/www.pdbjglobal.com\/index.php\/wp-json\/wp\/v2\/pages\/28","targetHints":{"allow":["GET"]}}],"collection":[{"href":"https:\/\/www.pdbjglobal.com\/index.php\/wp-json\/wp\/v2\/pages"}],"about":[{"href":"https:\/\/www.pdbjglobal.com\/index.php\/wp-json\/wp\/v2\/types\/page"}],"author":[{"embeddable":true,"href":"https:\/\/www.pdbjglobal.com\/index.php\/wp-json\/wp\/v2\/users\/1"}],"replies":[{"embeddable":true,"href":"https:\/\/www.pdbjglobal.com\/index.php\/wp-json\/wp\/v2\/comments?post=28"}],"version-history":[{"count":2,"href":"https:\/\/www.pdbjglobal.com\/index.php\/wp-json\/wp\/v2\/pages\/28\/revisions"}],"predecessor-version":[{"id":51,"href":"https:\/\/www.pdbjglobal.com\/index.php\/wp-json\/wp\/v2\/pages\/28\/revisions\/51"}],"wp:attachment":[{"href":"https:\/\/www.pdbjglobal.com\/index.php\/wp-json\/wp\/v2\/media?parent=28"}],"curies":[{"name":"wp","href":"https:\/\/api.w.org\/{rel}","templated":true}]}}